0, what is 2 - 125?
-123
In base 10, what is -22 + 7?
-15
In base 8, what is -4104 - -5?
-4077
In base 6, what is -45020 - 0?
-45020
In base 4, what is -2 - 2302?
-2310
In base 4, what is -220 + 30113?
23233
In base 4, what is -3 + 23?
20
In base 2, what is -100 + 11?
-1
In base 9, what is 8 - 187?
-178
In base 10, what is 0 - -385?
385
In base 12, what is -20b + -3?
-212
In base 4, what is -3 + 230?
221
In base 9, what is 1 + -111?
-110
In base 9, what is -1 - 12485?
-12486
In base 3, what is 1 - 21200201?
-21200200
In base 13, what is 79 - -4?
80
In base 14, what is -484 - -4?
-480
In base 2, what is -10 + -10001100?
-10001110
In base 5, what is 422 + 14?
441
In base 9, what is -4 - -337?
333
In base 15, what is -2 - 55?
-57
In base 4, what is -10223 + 0?
-10223
In base 14, what is 4b49 + 0?
4b49
In base 15, what is 256 + 1?
257
In base 4, what is -212 + 3?
-203
In base 3, what is -10 - -1102011?
1102001
In base 3, what is 110020 + 21?
110111
In base 11, what is -32 - -26?
-7
In base 12, what is -ba9 + -4?
-bb1
In base 12, what is -2 + 65?
63
In base 5, what is 10141 - 44?
10042
In base 3, what is 110210 - -1?
110211
In base 13, what is 5 + -35?
-30
In base 13, what is -3 + -1b15?
-1b18
In base 14, what is 5 + -1a3?
-19c
In base 9, what is -6038 + 0?
-6038
In base 10, what is 37 - -24?
61
In base 6, what is 101414 - -1?
101415
In base 2, what is -11011101111 - 1001?
-11011111000
In base 12, what is 44 + -7?
39
In base 14, what is -32 + 2?
-30
In base 4, what is -2332 + -11?
-3003
In base 9, what is 18 + 10?
28
In base 3, what is 21100 + -1020?
20010
In base 14, what is 271 - 0?
271
In base 4, what is 0 + -100213?
-100213
In base 10, what is 9 - -2?
11
In base 16, what is 4 - -3f?
43
In base 9, what is -1 + -2075?
-2076
In base 7, what is -103 + 15?
-55
In base 4, what is -3323 - 1?
-3330
In base 11, what is -26 - 11?
-37
In base 3, what is 102 + 121211?
122020
In base 14, what is -2 - 4a?
-4c
In base 14, what is -2 + -22?
-24
In base 13, what is -156 - 2?
-158
In base 6, what is -2 - 4345?
-4351
In base 9, what is -8 - -2?
-6
In base 16, what is e3c - -4?
e40
In base 5, what is -10 + 24?
14
In base 5, what is -12 + -11?
-23
In base 15, what is 4 + 34?
38
In base 4, what is -20000 + -11?
-20011
In base 11, what is 14 - -60?
74
In base 15, what is -2 - 446?
-448
In base 11, what is -189 - -4?
-185
In base 15, what is 96 + 2?
98
In base 3, what is 21111 + 10?
21121
In base 15, what is 0 + 2e6?
2e6
In base 14, what is -513 + -3?
-516
In base 14, what is -38 + 0?
-38
In base 11, what is -10 - 1110?
-1120
In base 11, what is 62 + 40?
a2
In base 6, what is -10 - 3?
-13
In base 5, what is 2220 - -3?
2223
In base 6, what is 54 - -55?
153
In base 5, what is -2133 + -10?
-2143
In base 8, what is -6 - 0?
-6
In base 5, what is 30 - -2?
32
In base 6, what is -1311 - -43?
-1224
In base 14, what is 29a - -28?
2c4
In base 16, what is -505 + 2?
-503
In base 10, what is -15 + 24?
9
In base 3, what is -11 - -2120221?
2120210
In base 8, what is 314 - 3?
311
In base 13, what is 5 + -4?
1
In base 4, what is -11 + 33?
22
In base 2, what is 11111110 + 0?
11111110
In base 13, what is 7 - -16?
20
In base 16, what is 28 + -d?
1b
In base 5, what is 2213 + 0?
2213
In base 13, what is 3 + 16ab?
16b1
In base 8, what is -567 + 4?
-563
In base 15, what is -4c + -9?
-56
In base 13, what is 0 + 1a0?
1a0
In base 11, what is 3 + -184?
-181
In base 2, what is -1110 + 1110?
0
In base 3, what is -112 + -200?
-1012
In base 13, what is 178 - b?
16a
In base 11, what is -1317 + 11?
-1306
In base 6, what is 353002 + 4?
353010
In base 14, what is -3a83 - 0?
-3a83
In base 15, what is -22 + -24?
-46
In base 3, what is 22210 + 11?
22221
In base 2, what is -1000100 + 1?
-1000011
In base 2, what is 100110111 - 0?
100110111
In base 2, what is 10010111111 - 10?
10010111101
In base 10, what is -29421 - 2?
-29423
In base 7, what is 1243 + 40?
1313
In base 11, what is 108 + 11?
119
In base 9, what is -5 - 328?
-334
In base 16, what is 3 + 193?
196
In base 7, what is 3 + 345?
351
In base 5, what is 111121 + 4?
111130
In base 6, what is 4 - 243?
-235
In base 15, what is 1 + 1277?
1278
In base 15, what is -4 + -28?
-2c
In base 14, what is -22 - 43?
-65
In base 11, what is -1101 + 14?
-1098
In base 4, what is 13 - -10212?
10231
In base 10, what is 5 + -5968?
-5963
In base 6, what is 5 - -1?
10
In base 15, what is -187a + 5?
-1875
In base 11, what is 33 + -2?
31
In base 12, what is -94 + 24?
-70
In base 7, what is -31 - 1?
-32
In base 10, what is 344 + -3?
341
In base 14, what is -5 + 1253?
124c
In base 14, what is 20 + 22?
42
In base 5, what is 2023142 + 2?
2023144
In base 9, what is 3 - -74?
77
In base 13, what is -1 - 217?
-218
In base 6, what is -2001 - 3?
-2004
In base 3, what is -102201 + -2?
-102210
In base 6, what is 104205 + 0?
104205
In base 10, what is -70 + -12?
-82
In base 3, what is -11 - 101?
-112
In base 4, what is 3 + -1110?
-1101
In base 10, what is 497 - 1?
496
In base 2, what is -10110110 - -1101?
-10101001
In base 9, what is -255 - 6?
-262
In base 10, what is -4 - -97?
93
In base 6, what is -24 + -225?
-253
In base 14, what is -127 - -8?
-11d
In base 3, what is -12222222 - 0?
-12222222
In base 13, what is 8 + b?
16
In base 8, what is -30 + -461?
-511
In base 14, what is -10 - 148?
-158
In base 4, what is 2 + -1010?
-1002
In base 5, what is 142 - -41?
233
In base 8, what is 226 - 5?
221
In base 6, what is 1 + 110?
111
In base 16, what is 5 + 34d?
352
In base 10, what is 885 - -8?
893
In base 14, what is -4 - -1b75?
1b71
In base 10, what is -16 - 101?
-117
In base 7, what is 2364 + 4?
2401
In base 7, what is -3 - 301?
-304
In base 15, what is 4 + 97b?
980
In base 2, what is -1011 - 11000101?
-11010000
In base 8, what is 6 - -25?
33
In base 10, what is 4 + 1231?
1235
In base 14, what is -5 - 36?
-3b
In base 2, what is 1111101000 + 11?
1111101011
In base 2, what is 110111 - -11110?
1010101
In base 11, what is -188 + -4?
-191
In base 7, what is -21 - -4161?
4140
In base 2, what is -10 + -1011?
-1101
In base 5, what is 410 - 24?
331
In base 7, what is 256 + -1?
255
In base 2, what is 101101010 - 110101?
100110101
In base 16, what is -1b - -5?
-16
In base 14, what is d3 + -1?
d2
In base 13, what is -2 - -a6?
a4
In base 12, what is -9 + 85?
78
In base 2, what is 1101100 + -1100?
1100000
In base 10, what is -28 + -2?
-30
In base 7, what is -2566 - -5?
-2561
In base 7, what is 24211 - 3?
24205
In base 12, what is -35 + 4?
-31
In base 16, what is 5 - 2d?
-28
In base 11, what is -1 + 5a9?
5a8
In base 15, what is -4 + 3be?
3ba
In base 7, what is 113 + 104?
220
In base 12, what is -5 + -27?
-30
In base 2, what is -1 + 11111101?
11111100
In base 11, what is 301 + -5?
2a7
In base 4, what is 1213010 + -12?
1212332
In base 5, what is 1420 + 1?
1421
In base 11, what is -2 + 11a8?
11a6
In base 3, what is 0 + 2?
2
In base 12, what is 16 + -7?
b
In base 2, what is -111 - -1001001100?
1001000101
In base 8, what is 3753 - 5?
3746
In base 14, what is 4 - 43?
-3d
In base 12, what is 1 - 87a?
-879
In base 8, what is 5 - -14024?
14031
In base 16, what is e4 - -4?
e8
In base 8, what is -10 - -144?
134
In base 15, what is 0 - -ab?
ab
In base 14, what is 3 - -4c?
51
In base 2, what is -10 + -1110100000?
-1110100010
In base 14, what is 0 - -247?
247
In base 3, what is -10211 - -20?
-10121
In base 4, what is -10 - -10022?
10012
In base 16, what is -3 + -2f?
-32
In base 13, what is -1 - 862?
-863
In base 8, what is -4 + 1325?
1321
In base 4, what is -321 - -13011?
12030
In base 12, what is -b19 + -1?
-b1a
In base 7, what is -346 - -16?
-330
In base 13, what is 0 - 76?
-76
In base 14, what is -10 + 338?
328
In base 11, what is 4 - -2a5?
2a9
In base 15, what is -c7 - c?
-d4
In base 6, what is 22545 + 3?
22552
In base 4, what is 20 + 1021?
1101
In base 5, what is -3044 - 14?
-3113
In base 2, what is -10101 + -111?
-11100
In base 13, what is -5 + -c2?
-c7
In base 15, what is 1 + -8e?
-8d
In base 5, what is -324 - 202?
-1031
In base 15, what is -7 - -12?
a
In base 3, what is -200 - 200221?
-201121
In base 10, what is -38 + -5?
-43
In base 12, what is -1 + -81?
-82
In base 10, what is -4000 - 2?
-4002
In base 16, what is -61 + 2?
-5f
In base 15, what is -2b3 - -4?
-2ae
In base 5, what is -1211 + 10?
-1201
In base 11